3 - 3*s**2 + 83*s - 19. Let u be c(-10). Let b = u + 526. What is the hundreds digit of b?
3
Suppose -8*u = -11*u + 63. What is the hundreds digit of u*((-410)/(-77) - 12/66)?
1
Suppose 5*s - 68935 = 5*y, -31*s = -26*s + 2*y - 68949. What is the ten thousands digit of s?
1
Let f(z) = -152*z**3 - 2*z**2 - z - 22. Let i be f(-5). Suppose 26715 = 36*m - i. What is the hundreds digit of m?
2
Suppose 134 = 4*k - 2*s, 2*s - 10 + 45 = k. Suppose 4*h = -2*h + 822. Suppose 2*a - 4*w - k = h, 0 = a + 2*w - 69. What is the tens digit of a?
7
Let c = 20 - 31. Let a(y) = 4*y**2 + 8*y + 31. Let o(k) = 7*k**2 + 16*k + 61. Let l(x) = -5*a(x) + 3*o(x). What is the units digit of l(c)?
1
Suppose 0 = -f - 5*g + 370 + 1619, 4*f - g = 7851. What is the hundreds digit of f?
9
Let p(b) = b + 8. Suppose -f - r = 13, 2*f + 21 = 9*r - 10*r. Let k be p(f). Suppose -9*g = -k*g - 972. What is the tens digit of g?
0
Let r(k) = 785*k**2 - 65*k + 164. What is the ten thousands digit of r(7)?
3
Let p be ((-8)/4)/(44/42 - 1). Let w = p + 43. Let v(a) = 37*a. What is the tens digit of v(w)?
3
Let j be (-46)/253 + (0 - 15822/(-22)). Suppose -3*a = -q + j, -4*q + 2439 = -2*a - 487. What is the tens digit of q?
3
Let d = 17565 - 10414. What is the thousands digit of d?
7
Let y(b) be the third derivative of 2*b**4/3 + 17*b**3/2 - 8*b**2 + 1. What is the units digit of y(9)?
5
Suppose -v - i - 11 = i, -v = -4*i - 7. What is the units digit of ((-2)/v)/((-16)/60)*-462?
3
Let b = -224 + 336. What is the hundreds digit of (-7 + (33 - -4))*b/10?
3
Suppose -13*t = -7*t + 522. Let q = -85 - t. What is the units digit of q*(-2 + (884/8 - 3))?
1
Let o = -12662 + 22136. What is the hundreds digit of o?
4
What is the units digit of -1*5*95613/(-145)?
7
Suppose -18*m + 70 + 20 = 0. Let r(w) = 31*w - 12. What is the tens digit of r(m)?
4
Suppose -4*p - 289 + 122345 = 0. What is the thousands digit of p?
0
Let f = 32821 + -16121. What is the units digit of f?
0
Let z be (-153 + -7 + 0)*-1. What is the thousands digit of (745/(-20))/((-4)/z)?
1
Let g(b) = 68*b**2 - 94*b - 2321. What is the units digit of g(-20)?
9
Let p(y) = y**2 - 11*y + 11. Let o be p(10). Let g be (-2)/(3/(-36)*o). Suppose 84 - g = 2*v. What is the tens digit of v?
3
Let q(w) = 2*w**3 - 5*w**2 - 3*w - 34. Let g be q(7). Let o = g - 75. What is the units digit of o?
1
Let i(u) = 3*u**2 + 166. Let f be (0/(-6 + 2 + 1))/3. What is the tens digit of i(f)?
6
Suppose 0 = 2*s + 2*y, 2*s - 6*s + y = -15. Suppose -115 = 34*w - 251. Suppose w*n + 5*g - 836 = -93, -2*n - s*g = -369. What is the hundreds digit of n?
1
Suppose 9*b - 8606 = 26827. Suppose b = 3*j + 4*p, 3*j + 2464 = p + 6396. What is the units digit of j?
1
What is the units digit of (-1356)/8*752/(-12)?
2
Let t = 272 - 537. Let v = -53 - t. Suppose -11*y + 12*y - v = 0. What is the tens digit of y?
1
Suppose -38*r + 131411 = -93929. What is the hundreds digit of r?
9
What is the units digit of (2/(-5))/((-118)/(-885)) + 2143?
0
Let v = 4492 - 2693. What is the thousands digit of v?
1
Let f(l) = 5*l**2 - 19*l - 50. Let v be (-6 + (-72)/(-10))/(3/(-20)). What is the tens digit of f(v)?
2
Let j be 1272/(-16) - 3/(-2). Let v = j + 187. Let r = 298 - v. What is the hundreds digit of r?
1
Let r(y) = 7*y + 123. Let l be r(-17). Suppose -2*t - 3*t + 5 = 0, -l*a - 5*t = -2281. What is the units digit of a?
9
Suppose 458*c + 448*c - 922*c + 1284736 = 0. What is the ten thousands digit of c?
8
Let u = 2249 - 1061. Let q = u + -426. Suppose -3*h + q = 3*n, -2*n + 6*n - 2*h = 992. What is the units digit of n?
0
Let h be 2 - 6 - (132 + -3). Let g = h + 174. Suppose -5*b = -4*o + 254, -24 = -o + 2*b + g. What is the tens digit of o?
6
Suppose -j + 17*g - 7 = 14*g, -3*g = 5*j + 17. What is the tens digit of (-452)/6*18/j?
3
Suppose -45*u + 70 = -52*u. Let c(j) = -35*j + 66. What is the hundreds digit of c(u)?
4
Suppose 0 = 3*i - 5*i + 2*r + 4964, 0 = -2*i - 2*r + 4956. Suppose -2*x + i = 2*o + 618, -x = 4*o - 3718. What is the tens digit of o?
2
Suppose 0 = -4*y + 45 + 79. Let h(i) = 16*i - 94. What is the tens digit of h(y)?
0
Suppose -10*g - 42 = -17*g. Suppose 0 = g*s - 3*s - 12. Suppose s*q = 4*f - 64, -3*f + 4*q = -4*f + 21. What is the units digit of f?
7
Suppose -2*c = -5*a - 678, 5*c + 0*c - 2*a - 1674 = 0. Suppose -327*h + c*h = 3395. What is the hundreds digit of h?
4
Suppose 0*h + 379 = 5*g - 4*h, -228 = -3*g + 3*h. Suppose 9*m - g = 4*m. What is the tens digit of (48/20)/(m/100)?
1
What is the hundreds digit of (-4)/((-112)/483)*(15 - -5)?
3
Suppose 77 = -4*r + 65, 0 = -5*m + 2*r + 3981. What is the hundreds digit of m?
7
Let c(v) = 2*v**3 + 14*v**2 - 2*v - 1. Let i be c(-7). Let g(m) = -6*m**2 + 9*m + i*m**2 - 5*m**2 + 0*m - 10. What is the tens digit of g(-8)?
4
Suppose 14*h - 110791 = 148027. What is the tens digit of h?
8
Suppose -2*a - g = -513, 5*a = 20*g - 22*g + 1282. What is the tens digit of a?
5
Let d = -34 - -25. Let p be -1 + 0 + (-2655)/d. Suppose -p + 57 = -3*t. What is the units digit of t?
9
Let c(u) = 43*u - 14. Let t(p) = 46*p - 19. Let w(f) = -5*c(f) + 4*t(f). Suppose -l = -0*l + 3. What is the units digit of w(l)?
7
Suppose -44*k + 32*k + 407010 = 118902. What is the hundreds digit of k?
0
Let n = 272 - 562. Let f = -163 - n. What is the units digit of f?
7
Suppose -5*x + 6 = 4*h - 2, 5*x + 2*h - 4 = 0. Suppose 0 = 21*m - 45 - 18. Suppose -3*a + 15 = x, m*a - 90 = -4*y + 5*a. What is the tens digit of y?
2
Let z = 27715 + -895. What is the ten thousands digit of z?
2
Let p(d) = 80*d**2 - 31*d + 496. What is the thousands digit of p(13)?
3
Suppose 19*w - 2250 = 13*w. What is the units digit of (w/(-10))/5*(-46 - 0)?
5
Let v(b) = 12*b + 104. Let o be v(-12). What is the tens digit of 1215/4 - (-30)/o?
0
Let b = -49 + -28. Let s = -64 - b. Suppose s*p - 963 = 4*p. What is the units digit of p?
7
Let d = 715 + 3605. What is the thousands digit of d?
4
Let h be 1*(-2)/(-19) + (-46)/437. Suppose h = t - 2*s - 1663, 5*s - 8255 = -10*t + 5*t. What is the thousands digit of t?
1
Let n(j) = -j**2 - 13*j + 25. Suppose 0 = -h - 17 + 6. Let u be n(h). Let m = -27 + u. What is the tens digit of m?
2
Let x be ((-544)/(-80))/(3/(-150)). Let i = 735 + x. What is the tens digit of i?
9
Let m(f) = -2*f**2 + 34*f - 35. Let k be m(16). What is the units digit of 588 - k*(-2 + 1)?
5
Suppose 3*j = 3*l + 6, -4*l + 16 = -6*l + 5*j. Suppose x + 615 = l*o, -3*x + 0*x + 635 = 2*o. What is the hundreds digit of o?
3
Suppose 5*a - 1730 = 5*n, 11*n = 3*a + 9*n - 1042. What is the tens digit of a?
5
Suppose 3*u + 3*d - 27987 = 0, 4*u - 3*d = 9365 + 27958. What is the thousands digit of u?
9
Let n(m) be the third derivative of -7*m**4/24 - 7*m**3/2 - 5*m**2. Let p = -513 - -508. What is the tens digit of n(p)?
1
Let a = -4561 - -9658. Suppose -2*w = -3*x + 5098, -5*w - a = -3*x - 2*w. What is the thousands digit of x?
1
Let p = 9 + -9. Let f(o) = -o + 102. Let n be f(p). Let s = 186 - n. What is the tens digit of s?
8
Let j = 52292 - 35725. What is the hundreds digit of j?
5
Suppose 4*m = 13*m - 927. Let g be m + (-8 + -4)/(-4). What is the tens digit of g - (1 - (-9)/(-3))?
0
Suppose 119 + 25 = 18*p. Suppose 0 = -5*k + 6*k - 4. Suppose 3*v = 4*l + 42, -k*l - p = -2*v + 16. What is the units digit of v?
8
Let g be (-2)/24 - (-18975)/36. Let j = 883 - 549. Let q = g - j. What is the tens digit of q?
9
Suppose -27*w - 12 = -33*w. Suppose -4*g - n = -936, -w*g + 240 = -2*n - 238. What is the units digit of g?
5
Let n be ((-82)/6)/(1/(-3)). Let u be (-1)/(324/(-45) + 7). Suppose 5*m = s - 126, u*s + n = -2*m + 806. What is the hundreds digit of s?
1
Let v(w) = w**3 + w**2 - 11*w - 1. Suppose 0 = 6*n + 21 + 9. Let g be v(n). Let k = -12 - g. What is the tens digit of k?
3
Let s be ((-332)/(2 - 4))/(18/72). Suppose -s = -19*o + 495. What is the tens digit of o?
6
What is the hundreds digit of 2/(-4)*29/((-174)/102636)?
5
Let b be (9/(-15))/(16/(-80)). Suppose -1910 = -5*y + 5*m, b*m - 6 = -0*m. What is the tens digit of y?
8
What is the ten thousands digit of (-7 - (-3)/((-27)/(-45))) + (-1 - -21101)?
2
Let c(s) = s**3 - 8*s**2 - 4*s + 28. Let i be c(8). What is the units digit of 217/5*i/(16/(-20))?
7
Suppose -3*g = -4*b - 133, 93*b - 88*b + 77 = 2*g. What is the tens digit of g?
5
Let k